 v(a) be the second derivative of -a**5/20 + a**4/2 - 13*a**3/6 + 20*a**2 - 35*a. Let z be v(10). Let q = -304 - z. What is the hundreds digit of q?
1
Let z = -1 + 3. Suppose 13 - 37 = 2*i. What is the tens digit of (i/(-30))/(z/490)?
9
Suppose -f - 3*x = -12884, -1107*f + x + 38602 = -1104*f. What is the tens digit of f?
6
Let r be -3 - (-2 - -89 - 4). Let j = 86 + r. Suppose -3*p + 429 = -j*p. What is the hundreds digit of p?
1
Let d(h) = -2*h**2 + 40*h - 75. Let z be d(18). Let v(y) = -8*y**3 - 6*y**2 + 6*y + 6. What is the tens digit of v(z)?
5
Suppose -q = -g + 1, 2*q - 4*g + g = 0. Let j(d) = -17*d**3 - d**2 - 3*d - 12. What is the hundreds digit of j(q)?
4
Suppose 7*o - 102 = -67. Suppose 2*g - 2483 = v, -o*g + 16*v - 20*v + 6227 = 0. What is the units digit of g?
3
Let f(i) = i**2 - 2*i - 28. Let s be f(9). Let z be (s/(-14))/(2 + 5/(-2)). Suppose -z*a + 319 = -161. What is the units digit of a?
6
Let o = 3553 + 2376. What is the thousands digit of o?
5
Let a = -152544 - -225630. What is the units digit of a?
6
Let k(m) = -m**3 - 8*m**2 + 19*m - 11. Suppose 15*i + 140 = i. Let a be k(i). What is the units digit of 1/(a/(-35)) - -5?
0
Let z(f) = 0 + 20 - 4*f + 3*f. Let m be (-2 - 3) + -7*(2 - 1). What is the tens digit of z(m)?
3
Let z(p) = p**3 + 40*p**2 - 28*p + 209. What is the hundreds digit of z(15)?
1
Let i = -20 - -22. What is the tens digit of 4 + 7/i*8?
3
Let d(c) = -c**3 - 33*c**2 - 70*c + 283. What is the hundreds digit of d(-44)?
6
Let a(p) = -27192*p**3 + 5*p**2 - 18*p - 24. What is the ten thousands digit of a(-1)?
2
Let z(d) = 833*d - 1095. What is the units digit of z(10)?
5
Suppose -19 = 2*z + 9. Let u = z - -3. Let v = 13 - u. What is the units digit of v?
4
What is the units digit of 28378 - (-10 - ((-21 - -27) + -12 + -1))?
1
Suppose 5*c + 0*c = -3*h + 183, -2*c + 67 = -5*h. Suppose -3668 = -43*s + c*s. What is the tens digit of s?
2
Let d = -54 + 54. Suppose -79*u + 78*u + 2 = d. Suppose -o + 86 = 2*f, 10*f - u*o - 86 = 8*f. What is the tens digit of f?
4
Let g(s) = 137*s - 13. Let n be 420/110 - (1 - 39/33). What is the hundreds digit of g(n)?
5
Let v(p) = p**3 + 6*p**2 + 2. Let l be v(-6). Suppose l*j = 4*j - 122. Suppose a - j = -5*r, -2*a + 231 = a + 3*r. What is the tens digit of a?
8
Suppose -33*i = 3*y - 36*i + 63, y - 3*i + 31 = 0. What is the hundreds digit of (-3)/(-5) - (874944/60)/y?
9
Suppose 0 = 141*u - 135*u - 10914. Let z = -1072 + u. What is the hundreds digit of z?
7
Let s(x) = -10406*x - 115. What is the tens digit of s(-1)?
9
Let a = 58811 + -37996. What is the units digit of a?
5
Let l(b) = b**2 - 22*b + 2. Let t be l(22). Suppose p - 282 = -v, 513 = t*p - v - 66. What is the tens digit of p?
8
Suppose k + 23 = 5*x, 7*x - 3*k - 25 = 3*x. Let l(h) = -h**3 - 39*h**2 - 29*h + 353. Let w be l(-38). Let q = x + w. What is the units digit of q?
5
Let l be 15/(3/4 + 0). Suppose s = 1 - 2, -4*o + l = -4*s. Suppose -q + 373 = o*v, 2*v = -v + 2*q + 266. What is the units digit of v?
2
Suppose 32*y - 560 = -80. What is the units digit of -1 + 98 - y*(-12)/(-30)?
1
Let t(k) = -42*k**2. Let d be t(-1). Let j = 1032 + -1028. Let q = j - d. What is the tens digit of q?
4
Let c be 4 - (-5 - -4 - (0 - 1)). Suppose c*k + 39 = 47. Suppose k*f - f = -4*b + 72, -2*f = -3*b - 155. What is the units digit of f?
6
Let y = -15 - -15. Suppose -o + a + 2*a + 762 = 0, -4*a - 12 = y. What is the tens digit of o?
5
Let d(l) = -11*l - 45*l**2 + 3 + 23*l**2 + 4*l + 40*l**2. What is the tens digit of d(4)?
6
Suppose 116*f = 137*f - 15330. What is the tens digit of f?
3
Suppose -4*s + 8*s = 0. Suppose 0*v + 5*v - 120 = s. Let d = 22 + v. What is the tens digit of d?
4
Let z(d) = -5581*d - 2266. What is the hundreds digit of z(-3)?
4
Suppose 15*f - 20*f = 5*t - 270975, 2*f = -t + 108382. What is the thousands digit of f?
4
Let w = 175 - 172. Suppose -3*u + 4*a = -759, a - w*a = -2*u + 506. What is the hundreds digit of u?
2
Suppose k - 4*k + 357 = 0. Let j(r) = 10*r - 92. Let u be j(9). What is the hundreds digit of (k/(-51))/(u/126)?
1
Let g(n) = n + 19. Let x be g(0). Suppose 5*h - 16 = -5*a + 9, -5*h = -a - x. Suppose -r - a = -53. What is the tens digit of r?
5
Suppose -2*y = 2*r + 3*y - 164, -2*y + 4 = 0. Suppose 2*s = r + 23. Suppose -s + 16 = -j. What is the units digit of j?
4
Let c = -3132 + 3363. What is the tens digit of c?
3
Let u(k) = -k**2 - 6*k + 22. Let p be u(-7). Let m be ((p/(-20))/(-1))/((-2)/(-48)). What is the tens digit of (-4768)/(-72) + (-4)/m?
6
Suppose -4*b + 31442 = 3*s + 5429, -b = 3*s - 25995. What is the tens digit of s?
6
Let b(m) = m**3 + 2*m**2 - 63*m + 5. Let z be b(-9). Let s(p) = 8*p**3 - 10*p**2 - p + 13. What is the hundreds digit of s(z)?
7
What is the units digit of ((-2)/(-24))/((-5)/(-207004)) + 38/(-570)?
0
Let g = 396 + -997. Let m = g + 1094. What is the tens digit of m?
9
Let f be -2*(-14)/4 - 2. Suppose 0 = 7*x - f*x - 1318. Suppose 12*v + x - 2183 = 0. What is the units digit of v?
7
Suppose -9166 - 11378 = -8*j. What is the thousands digit of j?
2
Let f = 40 + -38. What is the tens digit of f + 1 - (288/(-1))/2?
4
Suppose 2*y - 75412 = -3*c, -62*y + 59*y + 5*c = -113042. What is the thousands digit of y?
7
Suppose 3*c = -2*t + 8, -5*t + 20 = c - 0*c. Suppose -t*k - 768 = -4*i, -4*i - 3*k + 598 = -177. What is the hundreds digit of i?
1
Suppose 2361 = 3*l - t, 2*l - 801 = l + 5*t. Suppose -z - 3*z = 5*b - l, 5*b + z - 774 = 0. Suppose -2*o = -b - 34. What is the tens digit of o?
9
Let d(v) = 4*v - 55. Let t be d(14). Let h(s) = 387*s**2 + s - 1. What is the tens digit of h(t)?
8
Let j(l) = 54*l + 200. Let y be j(5). Let r = 407 + y. What is the hundreds digit of r?
8
Let y = 302 + -507. Suppose -15*v = 4*h - 20*v + 1543, 4*v + 4 = 0. Let t = y - h. What is the tens digit of t?
8
Let x(i) = -10*i**2 + 6*i + 3. Let u be x(4). Let b = u - -137. What is the hundreds digit of (-1)/((-21)/14)*774/b?
1
Suppose -15*h + d + 622700 = 0, -58*d = -55*d + 15. What is the tens digit of h?
1
Let o(n) = -24*n + 119. Let v be o(4). Suppose 0 = -29*q + v*q + 2082. What is the tens digit of q?
4
Let j = -2490 + 14793. What is the tens digit of j?
0
Let b = -54462 + 99492. What is the thousands digit of b?
5
Suppose 1432*z = 1462*z - 14760. What is the units digit of z?
2
Suppose 8*z = 11*z. Suppose z = 4*s - 3*x + 871, s + 5*x + 455 = -s. Let o = -127 - s. What is the units digit of o?
3
Suppose -10*b + 681 - 641 = 0. Let c = 6 - 4. Suppose -b*n + 159 = -5*z, 2*z = n - c*z - 37. What is the units digit of n?
1
Let x = 86 - 84. Let w(s) = -29*s + 12*s - 57*s - x. What is the units digit of w(-1)?
2
Suppose 185*r + 686490 - 173232 = 2525873. What is the ten thousands digit of r?
1
Suppose 6*z - z + 3*u = -3140, -z - 616 = 3*u. Let g = -423 - z. What is the hundreds digit of g?
2
Suppose -10*f - 4*t = -6*f - 1552, -2*f - t = -771. Suppose 6*u - f - 133 = 0. What is the tens digit of u?
8
Let t = 512 - 510. What is the tens digit of (-3837)/t*(-58)/87?
7
Let x(b) = -43*b - 50. Let c(s) = -41*s - 49. Let g(w) = 4*c(w) - 3*x(w). What is the units digit of g(-5)?
9
Suppose -g + 5*r - r = 16, g - 2*r = -8. Suppose g = 4*q + 5*n + 5, 3*n = -0 + 9. What is the tens digit of (-1 + 0)/((-5)/q)*-54?
5
Suppose 322948 + 131268 = 28*g. What is the ten thousands digit of g?
1
Suppose -100 = -3*q + 3*a + 35, 0 = -5*a + 25. Let u(p) = -p**3 - 5*p**2 + 4*p - 7. Let x be u(-6). What is the hundreds digit of 8*x/q*210?
1
Let d = -24 + 39. Suppose d = -4*v + 31, -l - 4*v = -1105. What is the tens digit of l?
8
Let j(q) = 2*q + 9. Let k be j(2). Let p(v) = -v**3 + 12*v**2 + 12*v + 12. Let y be p(k). What is the units digit of (y/(1/4) - -3) + 56?
5
Let r(z) = -4*z + 24. Let t be r(13). Let w(c) = -c**2 + 11*c - 10. Let p be w(8). What is the tens digit of (-636)/t + 4/p?
2
Suppose -5*x = -x - 12, -x = 4*j + 225. Let y = j + 63. Suppose 375 - 81 = y*p. What is the tens digit of p?
4
Suppose 894 = -4*n + 50. Let z = n + 361. What is the units digit of z?
0
Let k(z) = -4*z - 12. Let i be k(-4). Let p be (i/(-6))/(5/(-30)). Suppose 2*g - 51 = h, 0*g - 93 = -3*g - p*h. What is the units digit of g?
7
Suppose 0 = 4*k + 2*g - 0*g - 246, 2*g - 120 = -2*k. What is the hundreds digit of (-9)/(k/(-1939)) - -1?
2
Let k(c) = 3*c + 